Suppose g*b = -16*b + 20952. What is the hundreds digit of b?
1
Let b(t) = -4*t**3 - 43 + 5*t**3 - 13*t - 10*t**2 - 29*t**2 + 55*t. What is the thousands digit of b(39)?
1
Let r = 95 + -399. Let t = r - -424. What is the units digit of t?
0
Let c = -55558 - -112880. What is the thousands digit of c?
7
Let n(b) = -b**2 - 8*b + 146. Let y be n(8). Suppose y*f = -1115 + 17477. What is the tens digit of f?
0
Suppose 11*k = 397 + 142. Let w = 529 + k. What is the units digit of w?
8
Let u = -1862 - -27654. What is the tens digit of u?
9
Let m = 120 - 120. Suppose -f + 5*f - 5*x - 1197 = 0, -5*x - 25 = m. What is the tens digit of f?
9
Suppose h - 5*f - 364 = 0, 0 = 3*h - 4*f - 849 - 298. Let y = -180 + h. What is the hundreds digit of y?
2
Let v = -15060 + 27132. What is the hundreds digit of v?
0
Let v(a) = a - 525 + 525. Let g be v(4). Suppose 6 = 4*d - 10, 0 = -2*k + g*d + 82. What is the units digit of k?
9
Suppose 303826 - 8596 = 65*s. What is the units digit of s?
2
Suppose -5*s + 32489 + 31653 = 19262. What is the units digit of s?
6
Suppose -8 = -2*n - 22. What is the units digit of (-1 - 4789/n) + (-51)/357?
3
Let a(g) = -g**2 - 8*g - 9. Let m(u) = -3*u**2 - 16*u - 19. Let q be (5 - 6) + -2 + 1. Let x(n) = q*m(n) + 5*a(n). What is the tens digit of x(-5)?
5
What is the units digit of 3*2/69 + (-897753)/(-69) + 11?
2
Let u = -10 - -62. Suppose -m - 12 = -5*i - 0, -5*m - 18 = -4*i. Suppose -i*a + u = -200. What is the tens digit of a?
2
What is the units digit of (11887 - -1) + -9 - 8?
1
Let x be (-17 + -1 + 6)/2 - -6. What is the hundreds digit of x/(5 - 8) - -1858?
8
Let r be (5/(-15))/(2/(-624)). Suppose -618 - r = -2*d. What is the tens digit of d?
6
Let t = 1404 - 495. What is the units digit of t/6*384/72?
8
Let t = -55 - -66. Suppose 5*p = -2*q + 2*p + t, -p - 1 = 0. Suppose -q*c = -2*c - 75. What is the units digit of c?
5
Let k = -283 + 297. Suppose k*y - 2039 = -163. What is the units digit of y?
4
Let h be 3/(3/200) + 125 + -121. Suppose 3*i + 806 = 4*q, -h = -q - 0*i + 2*i. What is the tens digit of q?
0
Suppose 231 = 4*v - 5*z, -v = -z - z - 60. Let t = v + -27. Suppose -t*x + 31*x = 188. What is the tens digit of x?
4
Let k(a) = -2*a**2 - 36*a + 42. Let o be k(-19). Suppose x + 4*v + 114 = 2*x, 2*v + 484 = o*x. What is the tens digit of x?
2
Let o = 53 + -50. Let a be 6/(-12) + o/(12/922). Suppose 5*l + 3*n = n + 225, -5*l = 3*n - a. What is the units digit of l?
3
Let b(u) = 131*u**3 + u**2 - 4*u + 13. Let r(l) = l**3 + l**2 - 2*l + 2. Let p(j) = -b(j) + 4*r(j). What is the hundreds digit of p(-2)?
0
Suppose 11194 = 2*s - 2806. Suppose -s = 12*j - 19*j. What is the units digit of j?
0
Let g be 5559/34*(-8)/(-6). Suppose 0 = -15*y + 22 + g. What is the units digit of (-1 - -5)*248/y?
2
Suppose -8*h + 7 = 7. Suppose -33*r + 28*r + 2355 = h. What is the tens digit of r?
7
Suppose 0 = -9*f + 45 + 27. Let n(z) = z**2 + z - 3. Let k be n(9). Suppose f*a + k = 9*a. What is the tens digit of a?
8
Suppose -5*x + x - 2*k + 24 = 0, -4*k - 8 = 0. Suppose 8*s - x*s = 1015. Suppose -7*d - 84 = -s. What is the tens digit of d?
3
Suppose -54 + 10 = -4*b. Let p = b + -7. Suppose 7*o - p*o = 93. What is the units digit of o?
1
Suppose -7*p = -0*p. Let k be p + -1 + -4 + 5. Let r(g) = g**2 + 31. What is the tens digit of r(k)?
3
Let b(s) be the third derivative of 65*s**4/24 + s**3/2 + 74*s**2. Suppose 3*t - q - q = 11, 3*q + 14 = 2*t. What is the units digit of b(t)?
8
Let l be 10*8/20*2. Suppose -10*r = -l*r - 276. What is the units digit of r?
8
Suppose -112820 + 6461 = -11*r. What is the hundreds digit of r?
6
Let x(u) = -489*u - u**2 + 10*u**3 - 24*u**3 + 489*u + 1. Let i be x(-1). Suppose -2*n = 2*n, 0 = 2*h - 2*n - i. What is the units digit of h?
7
Let d = -20 + 5. Let x be ((-34)/14 - 1)/(109/763). Let m = d - x. What is the units digit of m?
9
Let d = 3652 - 3482. What is the units digit of d?
0
Let g(c) = 2*c**3 - 21*c**2 + 3*c + 76. Let y be g(10). Suppose y*j + b - 748 = 3*j, 2*b - 500 = -2*j. What is the hundreds digit of j?
2
Suppose 875*b - 891*b - 70319 = -222815. What is the tens digit of b?
3
Let r(x) = 46*x**2 - 3*x + 80. What is the tens digit of r(9)?
7
Let b = -116 + -407. Let h = b + 759. What is the tens digit of ((-2)/(-4) - (5 + -5))*h?
1
Let i be 524 - (-4 - (-3 + 3)). Suppose -7*a + i = a. What is the units digit of a?
6
Let i(p) = 6*p**3 - 44*p**2 + 115*p + 56. What is the units digit of i(10)?
6
Let k(u) be the third derivative of -35*u**4/12 + 31*u**3/3 - 3*u**2. What is the units digit of k(-15)?
2
Suppose 39*d = -2*i + 43*d + 30420, -2*i + 30421 = -3*d. What is the thousands digit of i?
5
Let d = 2025 - 3430. Let c = d - -2161. What is the hundreds digit of c?
7
Let w = 10800 + -4064. What is the units digit of w?
6
Let k be 51933/189 - (-2)/9. Suppose -35 = -n - b + 232, k = n - b. What is the hundreds digit of n?
2
Suppose -15*h + 30*h - 2550 = 0. Let t = 136 + h. Let r = t + -62. What is the tens digit of r?
4
Suppose -6*p = -10*p + 8. Suppose -p*m + 3*f + 513 + 354 = 0, -3*f - 2154 = -5*m. What is the tens digit of m?
2
What is the tens digit of ((-10852)/24)/((-15)/90)?
1
Let v be (-21)/(-3) + -3 - 10. Let d(t) = -t**2 - 2*t - 6. Let z be d(v). Let a = z - -55. What is the units digit of a?
5
Suppose 4*s + 3*a + 18 = 19560, -3*s - 4*a + 14653 = 0. What is the tens digit of s?
8
What is the ten thousands digit of (5 + -8)/(0 - ((-129078)/64542 + 2))?
3
Let y(d) = -22*d**2 + 4*d + 1. Let v be ((-5)/(25/(-30)))/(4/(-6)). Let t(c) = 89*c**2 - 17*c - 3. Let j(u) = v*y(u) - 2*t(u). What is the units digit of j(-1)?
9
Let b(d) = 14*d**3 + 8*d**2 - 4*d + 2. Let o be b(3). Let y = -53 + o. What is the hundreds digit of y?
3
Let p(x) = -6232*x + 403. What is the thousands digit of p(-4)?
5
Suppose 4*b - 21757 = -3*s, b - 273 = -5*s + 5162. Suppose -18*u + b = -8*u. What is the hundreds digit of u?
5
Let z(l) be the third derivative of -l**5/10 - l**4/12 + 9*l**3/2 + 43*l**2. Let s be z(7). Let t = -162 - s. What is the hundreds digit of t?
1
Suppose -3*t + 85 + 146 = 0. What is the hundreds digit of ((-9)/11 + (-14)/t)*-146?
1
Suppose 0*v + 8*v = -72. Let y = 12 + v. What is the units digit of (3 + -2)*3 + y?
6
Let d be (-60)/14 + (-8)/(-28). Let f be 11/33 + d/(-6). Suppose 3*k - f = -3*m + 251, -10 = 5*k. What is the units digit of m?
6
Suppose -3*a - 2*a = 90. Let y be ((-279)/(-6))/(a/(-48)). What is the tens digit of y/(-3)*3/(-2)?
6
Let w = -72 - -86. Suppose 0 = 4*r + w + 118. What is the tens digit of (26/4)/((r/(-90))/11)?
9
Suppose 0 = 2*m + 5*n - 1483 + 284, -4*m + 2380 = 4*n. What is the tens digit of m?
9
Suppose -4*f - 5 + 13 = 0. Suppose -f*j + 5*p = -457, -231 = -j + 4*p + p. What is the units digit of j?
6
What is the units digit of (-11)/((-616)/1918)*752?
6
Let n(t) = -25*t**3 - 2*t + 11. Let v(q) = 125*q**3 + 8*q - 56. Let p(h) = -11*n(h) - 2*v(h). What is the hundreds digit of p(3)?
6
Let j = -36 + 37. Let r be j/(-2)*0/4. Suppose -p - n + 30 + 109 = r, -124 = -p + 4*n. What is the hundreds digit of p?
1
What is the thousands digit of (-68)/4 + 1591 - 5?
1
Let y(f) = -f - 1. Let b(w) = -9*w - 12. Let u(x) = -3*b(x) + 12*y(x). Let z be u(9). Let i = z - 95. What is the units digit of i?
4
Let h be (7 + -23)/(-4) + (-2)/(-2). Let u be h/5 - (-3 - (1 + -2)). Suppose u*l - 382 = -8*x + 4*x, -2*x = -5*l - 204. What is the units digit of x?
7
Let x(v) = 22*v**3 - 2*v**2 - 4*v - 2. Let h be x(-2). Let z = -2342 + 2306. Let l = z - h. What is the units digit of l?
2
Suppose 5*u + 2 = -c, c - 7*u = -2*u + 8. Suppose c*j = 2*s - 415, -498 = -3*s + 2*j + 117. Suppose 3*f - s = 16. What is the tens digit of f?
7
Suppose -60*p + 267894 = 33474. What is the hundreds digit of p?
9
Suppose -5*a - 2*v + 1 + 71 = 0, 0 = -v - 4. Suppose -2*n = -a - 4. Suppose -n*j = -17 - 473. What is the tens digit of j?
4
Suppose 0 = 4*n + 16, 5*v + 6*n - n - 145 = 0. Suppose -2006 = 31*f - v*f. What is the tens digit of f?
0
Suppose -6*d + 2*d = -88. Let v = -17 + d. Let k = v + 74. What is the tens digit of k?
7
Suppose -17*z + 85930 = -95171. What is the ten thousands digit of z?
1
What is the thousands digit of ((-142273)/(-68))/((-60)/16 + 4)?
8
Suppose -4*d - 5*t + 25994 = -18400, 4*t - 144354 = -13*d. What is the tens